{"id":14,"date":"2024-09-17T14:27:35","date_gmt":"2024-09-17T14:27:35","guid":{"rendered":"https:\/\/klemmbi.ch\/blog\/?page_id=14"},"modified":"2024-09-25T14:27:17","modified_gmt":"2024-09-25T14:27:17","slug":"meine-erste-seite","status":"publish","type":"page","link":"https:\/\/klemmbi.ch\/blog\/","title":{"rendered":"Aktuelle Beitr\u00e4ge"},"content":{"rendered":"<ul class=\"wp-block-latest-posts__list is-grid columns-3 has-dates has-author wp-block-latest-posts\"><li><div class=\"wp-block-latest-posts__featured-image\"><a href=\"https:\/\/klemmbi.ch\/blog\/big-boys-little-toys\/\" aria-label=\"Big Boys little Toys\"><img loading=\"lazy\" decoding=\"async\" width=\"799\" height=\"682\" src=\"https:\/\/klemmbi.ch\/blog\/wp-content\/uploads\/2024\/09\/Big-Boys-little-Toys-1.jpg\" class=\"attachment-large size-large wp-post-image\" alt=\"\" style=\"\" srcset=\"https:\/\/klemmbi.ch\/blog\/wp-content\/uploads\/2024\/09\/Big-Boys-little-Toys-1.jpg 799w, https:\/\/klemmbi.ch\/blog\/wp-content\/uploads\/2024\/09\/Big-Boys-little-Toys-1-300x256.jpg 300w, https:\/\/klemmbi.ch\/blog\/wp-content\/uploads\/2024\/09\/Big-Boys-little-Toys-1-768x656.jpg 768w\" sizes=\"auto, (max-width: 799px) 100vw, 799px\" \/><\/a><\/div><a class=\"wp-block-latest-posts__post-title\" href=\"https:\/\/klemmbi.ch\/blog\/big-boys-little-toys\/\">Big Boys little Toys<\/a><div class=\"wp-block-latest-posts__post-author\">von admin<\/div><time datetime=\"2024-09-18T08:39:57+00:00\" class=\"wp-block-latest-posts__post-date\">September 18, 2024<\/time><div class=\"wp-block-latest-posts__post-excerpt\">Als ich noch ein&nbsp;kleiner&nbsp;Junge war, ist neben dem Robin Hood Verstecke (6066) die Burg mit dem Rambock (6062) mein Lieblings Set\u2026\u00a0<a class=\"wp-block-latest-posts__read-more\" href=\"https:\/\/klemmbi.ch\/blog\/big-boys-little-toys\/\" rel=\"noopener noreferrer\"><span class=\"screen-reader-text\">Big Boys little Toys <\/span>weiterlesen<\/a><\/div><\/li>\n<li><div class=\"wp-block-latest-posts__featured-image\"><a href=\"https:\/\/klemmbi.ch\/blog\/baerenjagd\/\" aria-label=\"B\u00e4renjagd\"><img loading=\"lazy\" decoding=\"async\" width=\"633\" height=\"800\" src=\"https:\/\/klemmbi.ch\/blog\/wp-content\/uploads\/2024\/09\/Baerenjagd.jpg\" class=\"attachment-large size-large wp-post-image\" alt=\"\" style=\"\" srcset=\"https:\/\/klemmbi.ch\/blog\/wp-content\/uploads\/2024\/09\/Baerenjagd.jpg 633w, https:\/\/klemmbi.ch\/blog\/wp-content\/uploads\/2024\/09\/Baerenjagd-237x300.jpg 237w\" sizes=\"auto, (max-width: 633px) 100vw, 633px\" \/><\/a><\/div><a class=\"wp-block-latest-posts__post-title\" href=\"https:\/\/klemmbi.ch\/blog\/baerenjagd\/\">B\u00e4renjagd<\/a><div class=\"wp-block-latest-posts__post-author\">von admin<\/div><time datetime=\"2024-09-18T08:37:02+00:00\" class=\"wp-block-latest-posts__post-date\">September 18, 2024<\/time><div class=\"wp-block-latest-posts__post-excerpt\">B\u00e4renjagd hat eine lange Tradition. Sei es zur traditionellen Nahrungsbeschaffung oder wie man es von den Wild West Geschichten um die\u2026\u00a0<a class=\"wp-block-latest-posts__read-more\" href=\"https:\/\/klemmbi.ch\/blog\/baerenjagd\/\" rel=\"noopener noreferrer\"><span class=\"screen-reader-text\">B\u00e4renjagd <\/span>weiterlesen<\/a><\/div><\/li>\n<li><div class=\"wp-block-latest-posts__featured-image\"><a href=\"https:\/\/klemmbi.ch\/blog\/classic-castle-kitchen-6064\/\" aria-label=\"Classic Castle Kitchen 6064\"><img loading=\"lazy\" decoding=\"async\" width=\"1024\" height=\"640\" src=\"https:\/\/klemmbi.ch\/blog\/wp-content\/uploads\/2024\/09\/Classic_Castle_Cook-1024x640.png\" class=\"attachment-large size-large wp-post-image\" alt=\"\" style=\"\" srcset=\"https:\/\/klemmbi.ch\/blog\/wp-content\/uploads\/2024\/09\/Classic_Castle_Cook-1024x640.png 1024w, https:\/\/klemmbi.ch\/blog\/wp-content\/uploads\/2024\/09\/Classic_Castle_Cook-300x188.png 300w, https:\/\/klemmbi.ch\/blog\/wp-content\/uploads\/2024\/09\/Classic_Castle_Cook-768x480.png 768w, https:\/\/klemmbi.ch\/blog\/wp-content\/uploads\/2024\/09\/Classic_Castle_Cook-1536x960.png 1536w, https:\/\/klemmbi.ch\/blog\/wp-content\/uploads\/2024\/09\/Classic_Castle_Cook-2048x1280.png 2048w\" sizes=\"auto, (max-width: 1024px) 100vw, 1024px\" \/><\/a><\/div><a class=\"wp-block-latest-posts__post-title\" href=\"https:\/\/klemmbi.ch\/blog\/classic-castle-kitchen-6064\/\">Classic Castle Kitchen 6064<\/a><div class=\"wp-block-latest-posts__post-author\">von admin<\/div><time datetime=\"2024-09-18T08:35:57+00:00\" class=\"wp-block-latest-posts__post-date\">September 18, 2024<\/time><div class=\"wp-block-latest-posts__post-excerpt\">Nach dem\u00a0Classic Castle Stall\u00a0reitzte es mich noch ein Modul f\u00fcr die klassische Ritterbug meiner Kindheit zu bauen. So ist diese einfache\u2026\u00a0<a class=\"wp-block-latest-posts__read-more\" href=\"https:\/\/klemmbi.ch\/blog\/classic-castle-kitchen-6064\/\" rel=\"noopener noreferrer\"><span class=\"screen-reader-text\">Classic Castle Kitchen 6064 <\/span>weiterlesen<\/a><\/div><\/li>\n<li><div class=\"wp-block-latest-posts__featured-image\"><a href=\"https:\/\/klemmbi.ch\/blog\/mini-geheimversteck-mit-waldmaennlein-6066\/\" aria-label=\"Mini Geheimversteck mit Waldm\u00e4nnlein [6066]\"><img loading=\"lazy\" decoding=\"async\" width=\"799\" height=\"651\" src=\"https:\/\/klemmbi.ch\/blog\/wp-content\/uploads\/2024\/09\/Mini-Geheimversteck-mit-Waldmaennlein-6066.jpg\" class=\"attachment-large size-large wp-post-image\" alt=\"\" style=\"\" srcset=\"https:\/\/klemmbi.ch\/blog\/wp-content\/uploads\/2024\/09\/Mini-Geheimversteck-mit-Waldmaennlein-6066.jpg 799w, https:\/\/klemmbi.ch\/blog\/wp-content\/uploads\/2024\/09\/Mini-Geheimversteck-mit-Waldmaennlein-6066-300x244.jpg 300w, https:\/\/klemmbi.ch\/blog\/wp-content\/uploads\/2024\/09\/Mini-Geheimversteck-mit-Waldmaennlein-6066-768x626.jpg 768w\" sizes=\"auto, (max-width: 799px) 100vw, 799px\" \/><\/a><\/div><a class=\"wp-block-latest-posts__post-title\" href=\"https:\/\/klemmbi.ch\/blog\/mini-geheimversteck-mit-waldmaennlein-6066\/\">Mini Geheimversteck mit Waldm\u00e4nnlein [6066]<\/a><div class=\"wp-block-latest-posts__post-author\">von admin<\/div><time datetime=\"2024-09-18T08:33:05+00:00\" class=\"wp-block-latest-posts__post-date\">September 18, 2024<\/time><div class=\"wp-block-latest-posts__post-excerpt\">Als ich vom &#171;90-Jahre Lego Feiern Wettbewerb&#187; Micro Burgen h\u00f6hrte wusste ich, dass ich mein Lieblings Kindheits Robin Hood Set bauen\u2026\u00a0<a class=\"wp-block-latest-posts__read-more\" href=\"https:\/\/klemmbi.ch\/blog\/mini-geheimversteck-mit-waldmaennlein-6066\/\" rel=\"noopener noreferrer\"><span class=\"screen-reader-text\">Mini Geheimversteck mit Waldm\u00e4nnlein [6066] <\/span>weiterlesen<\/a><\/div><\/li>\n<li><div class=\"wp-block-latest-posts__featured-image\"><a href=\"https:\/\/klemmbi.ch\/blog\/tells-apfelschuss-wo-ist-walter\/\" aria-label=\"Tell&#8217;s Apfelschuss &#8211; wo ist Walter?\"><img loading=\"lazy\" decoding=\"async\" width=\"800\" height=\"600\" src=\"https:\/\/klemmbi.ch\/blog\/wp-content\/uploads\/2024\/09\/2022_Tell.jpg\" class=\"attachment-large size-large wp-post-image\" alt=\"Wo ist Walter?\" style=\"\" srcset=\"https:\/\/klemmbi.ch\/blog\/wp-content\/uploads\/2024\/09\/2022_Tell.jpg 800w, https:\/\/klemmbi.ch\/blog\/wp-content\/uploads\/2024\/09\/2022_Tell-300x225.jpg 300w, https:\/\/klemmbi.ch\/blog\/wp-content\/uploads\/2024\/09\/2022_Tell-768x576.jpg 768w\" sizes=\"auto, (max-width: 800px) 100vw, 800px\" \/><\/a><\/div><a class=\"wp-block-latest-posts__post-title\" href=\"https:\/\/klemmbi.ch\/blog\/tells-apfelschuss-wo-ist-walter\/\">Tell&#8217;s Apfelschuss &#8211; wo ist Walter?<\/a><div class=\"wp-block-latest-posts__post-author\">von admin<\/div><time datetime=\"2024-09-18T08:30:37+00:00\" class=\"wp-block-latest-posts__post-date\">September 18, 2024<\/time><div class=\"wp-block-latest-posts__post-excerpt\">F\u00fcr Brickscalibur habe ich ein wenig in der Schweizer Geschichte &#171;gew\u00fchlt&#187;. So ist f\u00fcr die &#171;Wo ist Walter?&#187; Kategorie folgendes Bild\u2026\u00a0<a class=\"wp-block-latest-posts__read-more\" href=\"https:\/\/klemmbi.ch\/blog\/tells-apfelschuss-wo-ist-walter\/\" rel=\"noopener noreferrer\"><span class=\"screen-reader-text\">Tell&#8217;s Apfelschuss &#8211; wo ist Walter? <\/span>weiterlesen<\/a><\/div><\/li>\n<li><div class=\"wp-block-latest-posts__featured-image\"><a href=\"https:\/\/klemmbi.ch\/blog\/blumen-fuer-die-wilde-kreatur\/\" aria-label=\"Blumen f\u00fcr die Wilde Kreatur\"><img loading=\"lazy\" decoding=\"async\" width=\"843\" height=\"1024\" src=\"https:\/\/klemmbi.ch\/blog\/wp-content\/uploads\/2024\/09\/Blumen-fuer-die-Wilde-Kreatur.jpg\" class=\"attachment-large size-large wp-post-image\" alt=\"\" style=\"\" srcset=\"https:\/\/klemmbi.ch\/blog\/wp-content\/uploads\/2024\/09\/Blumen-fuer-die-Wilde-Kreatur.jpg 843w, https:\/\/klemmbi.ch\/blog\/wp-content\/uploads\/2024\/09\/Blumen-fuer-die-Wilde-Kreatur-247x300.jpg 247w, https:\/\/klemmbi.ch\/blog\/wp-content\/uploads\/2024\/09\/Blumen-fuer-die-Wilde-Kreatur-768x933.jpg 768w\" sizes=\"auto, (max-width: 843px) 100vw, 843px\" \/><\/a><\/div><a class=\"wp-block-latest-posts__post-title\" href=\"https:\/\/klemmbi.ch\/blog\/blumen-fuer-die-wilde-kreatur\/\">Blumen f\u00fcr die Wilde Kreatur<\/a><div class=\"wp-block-latest-posts__post-author\">von admin<\/div><time datetime=\"2024-09-18T08:25:27+00:00\" class=\"wp-block-latest-posts__post-date\">September 18, 2024<\/time><div class=\"wp-block-latest-posts__post-excerpt\">Viona wartete schon lange auf dem alten Baumstumpf, aber sie wusste irgendwann w\u00fcrde diese sch\u00f6ne wildlebende Kreatur welche sie Vopf nannte,\u2026\u00a0<a class=\"wp-block-latest-posts__read-more\" href=\"https:\/\/klemmbi.ch\/blog\/blumen-fuer-die-wilde-kreatur\/\" rel=\"noopener noreferrer\"><span class=\"screen-reader-text\">Blumen f\u00fcr die Wilde Kreatur <\/span>weiterlesen<\/a><\/div><\/li>\n<li><div class=\"wp-block-latest-posts__featured-image\"><a href=\"https:\/\/klemmbi.ch\/blog\/disneys-robin-hood\/\" aria-label=\"Disney&#8217;s Robin Hood\"><img loading=\"lazy\" decoding=\"async\" width=\"799\" height=\"736\" src=\"https:\/\/klemmbi.ch\/blog\/wp-content\/uploads\/2024\/09\/Disneys-Robin-Hood.jpg\" class=\"attachment-large size-large wp-post-image\" alt=\"\" style=\"\" srcset=\"https:\/\/klemmbi.ch\/blog\/wp-content\/uploads\/2024\/09\/Disneys-Robin-Hood.jpg 799w, https:\/\/klemmbi.ch\/blog\/wp-content\/uploads\/2024\/09\/Disneys-Robin-Hood-300x276.jpg 300w, https:\/\/klemmbi.ch\/blog\/wp-content\/uploads\/2024\/09\/Disneys-Robin-Hood-768x707.jpg 768w\" sizes=\"auto, (max-width: 799px) 100vw, 799px\" \/><\/a><\/div><a class=\"wp-block-latest-posts__post-title\" href=\"https:\/\/klemmbi.ch\/blog\/disneys-robin-hood\/\">Disney&#8217;s Robin Hood<\/a><div class=\"wp-block-latest-posts__post-author\">von admin<\/div><time datetime=\"2024-09-18T08:21:25+00:00\" class=\"wp-block-latest-posts__post-date\">September 18, 2024<\/time><div class=\"wp-block-latest-posts__post-excerpt\">Robin Hood ist f\u00fcr mich ganz klar eine Ikone der Mythologie&nbsp;&nbsp;Und auch eine Filmikone. Es gibt &#171;unz\u00e4hlige&#187; Filme die Robin Hood\u2026\u00a0<a class=\"wp-block-latest-posts__read-more\" href=\"https:\/\/klemmbi.ch\/blog\/disneys-robin-hood\/\" rel=\"noopener noreferrer\"><span class=\"screen-reader-text\">Disney&#8217;s Robin Hood <\/span>weiterlesen<\/a><\/div><\/li>\n<li><div class=\"wp-block-latest-posts__featured-image\"><a href=\"https:\/\/klemmbi.ch\/blog\/ernte-parade\/\" aria-label=\"Ernte Parade\"><img loading=\"lazy\" decoding=\"async\" width=\"799\" height=\"534\" src=\"https:\/\/klemmbi.ch\/blog\/wp-content\/uploads\/2024\/09\/Ernte-Parade.jpg\" class=\"attachment-large size-large wp-post-image\" alt=\"\" style=\"\" srcset=\"https:\/\/klemmbi.ch\/blog\/wp-content\/uploads\/2024\/09\/Ernte-Parade.jpg 799w, https:\/\/klemmbi.ch\/blog\/wp-content\/uploads\/2024\/09\/Ernte-Parade-300x201.jpg 300w, https:\/\/klemmbi.ch\/blog\/wp-content\/uploads\/2024\/09\/Ernte-Parade-768x513.jpg 768w\" sizes=\"auto, (max-width: 799px) 100vw, 799px\" \/><\/a><\/div><a class=\"wp-block-latest-posts__post-title\" href=\"https:\/\/klemmbi.ch\/blog\/ernte-parade\/\">Ernte Parade<\/a><div class=\"wp-block-latest-posts__post-author\">von admin<\/div><time datetime=\"2024-09-18T08:15:23+00:00\" class=\"wp-block-latest-posts__post-date\">September 18, 2024<\/time><div class=\"wp-block-latest-posts__post-excerpt\">Gungo wies den K\u00e4fer an, langsam ab zu drehen und auf die Dorfstrasse zu kommen. Gungo freute sich, die feinen Beeren\u2026\u00a0<a class=\"wp-block-latest-posts__read-more\" href=\"https:\/\/klemmbi.ch\/blog\/ernte-parade\/\" rel=\"noopener noreferrer\"><span class=\"screen-reader-text\">Ernte Parade <\/span>weiterlesen<\/a><\/div><\/li>\n<li><div class=\"wp-block-latest-posts__featured-image\"><a href=\"https:\/\/klemmbi.ch\/blog\/bzzzz\/\" aria-label=\"Bzzzz\"><img loading=\"lazy\" decoding=\"async\" width=\"799\" height=\"598\" src=\"https:\/\/klemmbi.ch\/blog\/wp-content\/uploads\/2024\/09\/Bzzzz.jpg\" class=\"attachment-large size-large wp-post-image\" alt=\"\" style=\"\" srcset=\"https:\/\/klemmbi.ch\/blog\/wp-content\/uploads\/2024\/09\/Bzzzz.jpg 799w, https:\/\/klemmbi.ch\/blog\/wp-content\/uploads\/2024\/09\/Bzzzz-300x225.jpg 300w, https:\/\/klemmbi.ch\/blog\/wp-content\/uploads\/2024\/09\/Bzzzz-768x575.jpg 768w\" sizes=\"auto, (max-width: 799px) 100vw, 799px\" \/><\/a><\/div><a class=\"wp-block-latest-posts__post-title\" href=\"https:\/\/klemmbi.ch\/blog\/bzzzz\/\">Bzzzz<\/a><div class=\"wp-block-latest-posts__post-author\">von admin<\/div><time datetime=\"2024-09-17T15:41:26+00:00\" class=\"wp-block-latest-posts__post-date\">September 17, 2024<\/time><div class=\"wp-block-latest-posts__post-excerpt\">Dies RogueOlympics Runde habe ich es mir einfach gemacht. Ich hatte &#171;Lego focus&#187; ins Suchfenster gegebene und bin gleich auf dem\u2026\u00a0<a class=\"wp-block-latest-posts__read-more\" href=\"https:\/\/klemmbi.ch\/blog\/bzzzz\/\" rel=\"noopener noreferrer\"><span class=\"screen-reader-text\">Bzzzz <\/span>weiterlesen<\/a><\/div><\/li>\n<li><div class=\"wp-block-latest-posts__featured-image\"><a href=\"https:\/\/klemmbi.ch\/blog\/hello-world\/\" aria-label=\"Klemmbi Logo\"><img loading=\"lazy\" decoding=\"async\" width=\"1\" height=\"1\" src=\"https:\/\/klemmbi.ch\/blog\/wp-content\/uploads\/2024\/09\/klemmbi-rot.jpg\" class=\"attachment-large size-large wp-post-image\" alt=\"\" style=\"\" \/><\/a><\/div><a class=\"wp-block-latest-posts__post-title\" href=\"https:\/\/klemmbi.ch\/blog\/hello-world\/\">Klemmbi Logo<\/a><div class=\"wp-block-latest-posts__post-author\">von admin<\/div><time datetime=\"2024-09-16T12:37:53+00:00\" class=\"wp-block-latest-posts__post-date\">September 16, 2024<\/time><div class=\"wp-block-latest-posts__post-excerpt\">Das ist das Logo<\/div><\/li>\n<\/ul>\n\n\n<p><\/p>\n","protected":false},"excerpt":{"rendered":"","protected":false},"author":1,"featured_media":0,"parent":0,"menu_order":0,"comment_status":"closed","ping_status":"closed","template":"","meta":{"footnotes":""},"class_list":["post-14","page","type-page","status-publish","hentry"],"blocksy_meta":[],"yoast_head":"<!-- This site is optimized with the Yoast SEO plugin v27.4 - https:\/\/yoast.com\/product\/yoast-seo-wordpress\/ -->\n<title>Aktuelle Beitr\u00e4ge - Klemmbi<\/title>\n<meta name=\"robots\" content=\"noindex, follow, max-snippet:-1, max-image-preview:large, max-video-preview:-1\" \/>\n<meta property=\"og:locale\" content=\"de_DE\" \/>\n<meta property=\"og:type\" content=\"article\" \/>\n<meta property=\"og:title\" content=\"Aktuelle Beitr\u00e4ge - Klemmbi\" \/>\n<meta property=\"og:url\" content=\"https:\/\/klemmbi.ch\/blog\/\" \/>\n<meta property=\"og:site_name\" content=\"Klemmbi\" \/>\n<meta property=\"article:modified_time\" content=\"2024-09-25T14:27:17+00:00\" \/>\n<meta name=\"twitter:card\" content=\"summary_large_image\" \/>\n<script type=\"application\/ld+json\" class=\"yoast-schema-graph\">{\"@context\":\"https:\\\/\\\/schema.org\",\"@graph\":[{\"@type\":\"WebPage\",\"@id\":\"https:\\\/\\\/klemmbi.ch\\\/blog\\\/\",\"url\":\"https:\\\/\\\/klemmbi.ch\\\/blog\\\/\",\"name\":\"Aktuelle Beitr\u00e4ge - Klemmbi\",\"isPartOf\":{\"@id\":\"https:\\\/\\\/klemmbi.ch\\\/blog\\\/#website\"},\"datePublished\":\"2024-09-17T14:27:35+00:00\",\"dateModified\":\"2024-09-25T14:27:17+00:00\",\"breadcrumb\":{\"@id\":\"https:\\\/\\\/klemmbi.ch\\\/blog\\\/#breadcrumb\"},\"inLanguage\":\"de-CH\",\"potentialAction\":[{\"@type\":\"ReadAction\",\"target\":[\"https:\\\/\\\/klemmbi.ch\\\/blog\\\/\"]}]},{\"@type\":\"BreadcrumbList\",\"@id\":\"https:\\\/\\\/klemmbi.ch\\\/blog\\\/#breadcrumb\",\"itemListElement\":[{\"@type\":\"ListItem\",\"position\":1,\"name\":\"Startseite\",\"item\":\"https:\\\/\\\/klemmbi.ch\\\/blog\\\/\"},{\"@type\":\"ListItem\",\"position\":2,\"name\":\"Aktuelle Beitr\u00e4ge\"}]},{\"@type\":\"WebSite\",\"@id\":\"https:\\\/\\\/klemmbi.ch\\\/blog\\\/#website\",\"url\":\"https:\\\/\\\/klemmbi.ch\\\/blog\\\/\",\"name\":\"Klemmbi\",\"description\":\"\",\"publisher\":{\"@id\":\"https:\\\/\\\/klemmbi.ch\\\/blog\\\/#organization\"},\"potentialAction\":[{\"@type\":\"SearchAction\",\"target\":{\"@type\":\"EntryPoint\",\"urlTemplate\":\"https:\\\/\\\/klemmbi.ch\\\/blog\\\/?s={search_term_string}\"},\"query-input\":{\"@type\":\"PropertyValueSpecification\",\"valueRequired\":true,\"valueName\":\"search_term_string\"}}],\"inLanguage\":\"de-CH\"},{\"@type\":\"Organization\",\"@id\":\"https:\\\/\\\/klemmbi.ch\\\/blog\\\/#organization\",\"name\":\"Klemmbi\",\"url\":\"https:\\\/\\\/klemmbi.ch\\\/blog\\\/\",\"logo\":{\"@type\":\"ImageObject\",\"inLanguage\":\"de-CH\",\"@id\":\"https:\\\/\\\/klemmbi.ch\\\/blog\\\/#\\\/schema\\\/logo\\\/image\\\/\",\"url\":\"https:\\\/\\\/klemmbi.ch\\\/blog\\\/wp-content\\\/uploads\\\/2024\\\/09\\\/klemmbi-grau-scaled.jpg\",\"contentUrl\":\"https:\\\/\\\/klemmbi.ch\\\/blog\\\/wp-content\\\/uploads\\\/2024\\\/09\\\/klemmbi-grau-scaled.jpg\",\"width\":2560,\"height\":399,\"caption\":\"Klemmbi\"},\"image\":{\"@id\":\"https:\\\/\\\/klemmbi.ch\\\/blog\\\/#\\\/schema\\\/logo\\\/image\\\/\"}}]}<\/script>\n<!-- \/ Yoast SEO plugin. -->","yoast_head_json":{"title":"Aktuelle Beitr\u00e4ge - Klemmbi","robots":{"index":"noindex","follow":"follow","max-snippet":"max-snippet:-1","max-image-preview":"max-image-preview:large","max-video-preview":"max-video-preview:-1"},"og_locale":"de_DE","og_type":"article","og_title":"Aktuelle Beitr\u00e4ge - Klemmbi","og_url":"https:\/\/klemmbi.ch\/blog\/","og_site_name":"Klemmbi","article_modified_time":"2024-09-25T14:27:17+00:00","twitter_card":"summary_large_image","schema":{"@context":"https:\/\/schema.org","@graph":[{"@type":"WebPage","@id":"https:\/\/klemmbi.ch\/blog\/","url":"https:\/\/klemmbi.ch\/blog\/","name":"Aktuelle Beitr\u00e4ge - Klemmbi","isPartOf":{"@id":"https:\/\/klemmbi.ch\/blog\/#website"},"datePublished":"2024-09-17T14:27:35+00:00","dateModified":"2024-09-25T14:27:17+00:00","breadcrumb":{"@id":"https:\/\/klemmbi.ch\/blog\/#breadcrumb"},"inLanguage":"de-CH","potentialAction":[{"@type":"ReadAction","target":["https:\/\/klemmbi.ch\/blog\/"]}]},{"@type":"BreadcrumbList","@id":"https:\/\/klemmbi.ch\/blog\/#breadcrumb","itemListElement":[{"@type":"ListItem","position":1,"name":"Startseite","item":"https:\/\/klemmbi.ch\/blog\/"},{"@type":"ListItem","position":2,"name":"Aktuelle Beitr\u00e4ge"}]},{"@type":"WebSite","@id":"https:\/\/klemmbi.ch\/blog\/#website","url":"https:\/\/klemmbi.ch\/blog\/","name":"Klemmbi","description":"","publisher":{"@id":"https:\/\/klemmbi.ch\/blog\/#organization"},"potentialAction":[{"@type":"SearchAction","target":{"@type":"EntryPoint","urlTemplate":"https:\/\/klemmbi.ch\/blog\/?s={search_term_string}"},"query-input":{"@type":"PropertyValueSpecification","valueRequired":true,"valueName":"search_term_string"}}],"inLanguage":"de-CH"},{"@type":"Organization","@id":"https:\/\/klemmbi.ch\/blog\/#organization","name":"Klemmbi","url":"https:\/\/klemmbi.ch\/blog\/","logo":{"@type":"ImageObject","inLanguage":"de-CH","@id":"https:\/\/klemmbi.ch\/blog\/#\/schema\/logo\/image\/","url":"https:\/\/klemmbi.ch\/blog\/wp-content\/uploads\/2024\/09\/klemmbi-grau-scaled.jpg","contentUrl":"https:\/\/klemmbi.ch\/blog\/wp-content\/uploads\/2024\/09\/klemmbi-grau-scaled.jpg","width":2560,"height":399,"caption":"Klemmbi"},"image":{"@id":"https:\/\/klemmbi.ch\/blog\/#\/schema\/logo\/image\/"}}]}},"_links":{"self":[{"href":"https:\/\/klemmbi.ch\/blog\/wp-json\/wp\/v2\/pages\/14","targetHints":{"allow":["GET"]}}],"collection":[{"href":"https:\/\/klemmbi.ch\/blog\/wp-json\/wp\/v2\/pages"}],"about":[{"href":"https:\/\/klemmbi.ch\/blog\/wp-json\/wp\/v2\/types\/page"}],"author":[{"embeddable":true,"href":"https:\/\/klemmbi.ch\/blog\/wp-json\/wp\/v2\/users\/1"}],"replies":[{"embeddable":true,"href":"https:\/\/klemmbi.ch\/blog\/wp-json\/wp\/v2\/comments?post=14"}],"version-history":[{"count":7,"href":"https:\/\/klemmbi.ch\/blog\/wp-json\/wp\/v2\/pages\/14\/revisions"}],"predecessor-version":[{"id":81,"href":"https:\/\/klemmbi.ch\/blog\/wp-json\/wp\/v2\/pages\/14\/revisions\/81"}],"wp:attachment":[{"href":"https:\/\/klemmbi.ch\/blog\/wp-json\/wp\/v2\/media?parent=14"}],"curies":[{"name":"wp","href":"https:\/\/api.w.org\/{rel}","templated":true}]}}