{"id":2,"date":"2024-09-16T12:37:53","date_gmt":"2024-09-16T12:37:53","guid":{"rendered":"https:\/\/klemmbi.ch\/blog\/?page_id=2"},"modified":"2026-04-12T14:00:26","modified_gmt":"2026-04-12T14:00:26","slug":"about","status":"publish","type":"page","link":"https:\/\/klemmbi.ch\/blog\/about\/","title":{"rendered":"\u00dcber Klemmbi"},"content":{"rendered":"\n<p>Klemmbi ist &#171;meine&#187; schweizerische Abk\u00fcrzung f\u00fcr Klemmbaustein. Die Logo-Idee und die Website sind 2020 entstanden, als ich einen Shop f\u00fcr Klemmbausteine starten wollte \u2013 was ich dann auch gemacht habe. Das Logo hat mir eine Grafikerin umgesetzt. \u201eKlemmbi\u201c wurde dabei auch gleich mein Firmenname.<\/p>\n\n\n\n<p>Leider lief das Gesch\u00e4ft nicht wirklich. Das lag unter anderem an falschem Einkauf (w\u00e4hrend der Corona-Zeit), zu wenig Energie meinerseits, fehlender Werbung auf Social Media und letztlich auch daran, dass ich von den eingekauften Produkten nicht ganz \u00fcberzeugt war. Deshalb habe ich den Klemmbi-Shop Anfang 2021 wieder aufgegeben.<\/p>\n\n\n\n<p>Danach lag die Domain und die Website erstmal brach. Im Oktober 2024 konnte ich ein paar Lernende daf\u00fcr &#171;gewinnen&#187;, mir eine Blogseite einzurichten und bestehende Foreneintr\u00e4ge zu meinen Lego-Kreationen als Blogbeitr\u00e4ge einzupflegen.<\/p>\n\n\n\n<p>Seitdem ist allerdings nicht mehr viel auf der Seite passiert. Jetzt, im Jahr 2026, m\u00f6chte ich wieder etwas Leben reinbringen. Und wenn das nicht klappt, wird wohl auch diese Seite irgendwann \u201esterben\u201c.<\/p>\n\n\n\n<p><\/p>\n\n\n\n<p><\/p>\n","protected":false},"excerpt":{"rendered":"<p>Klemmbi ist &#171;meine&#187; schweizerische Abk\u00fcrzung f\u00fcr Klemmbaustein. Die Logo-Idee und die Website sind 2020 entstanden, als ich einen Shop f\u00fcr Klemmbausteine starten wollte \u2013 was ich dann auch gemacht habe. Das Logo hat mir eine Grafikerin umgesetzt. \u201eKlemmbi\u201c wurde dabei auch gleich mein Firmenname. Leider lief das Gesch\u00e4ft nicht wirklich. Das lag unter anderem an [&hellip;]<\/p>\n","protected":false},"author":1,"featured_media":0,"parent":0,"menu_order":0,"comment_status":"closed","ping_status":"open","template":"","meta":{"footnotes":""},"class_list":["post-2","page","type-page","status-publish","hentry"],"blocksy_meta":[],"yoast_head":"<!-- This site is optimized with the Yoast SEO plugin v27.4 - https:\/\/yoast.com\/product\/yoast-seo-wordpress\/ -->\n<title>\u00dcber Klemmbi - Klemmbi<\/title>\n<meta name=\"robots\" content=\"noindex, follow, max-snippet:-1, max-image-preview:large, max-video-preview:-1\" \/>\n<meta property=\"og:locale\" content=\"de_DE\" \/>\n<meta property=\"og:type\" content=\"article\" \/>\n<meta property=\"og:title\" content=\"\u00dcber Klemmbi - Klemmbi\" \/>\n<meta property=\"og:description\" content=\"Klemmbi ist &#171;meine&#187; schweizerische Abk\u00fcrzung f\u00fcr Klemmbaustein. Die Logo-Idee und die Website sind 2020 entstanden, als ich einen Shop f\u00fcr Klemmbausteine starten wollte \u2013 was ich dann auch gemacht habe. Das Logo hat mir eine Grafikerin umgesetzt. \u201eKlemmbi\u201c wurde dabei auch gleich mein Firmenname. Leider lief das Gesch\u00e4ft nicht wirklich. Das lag unter anderem an [&hellip;]\" \/>\n<meta property=\"og:url\" content=\"https:\/\/klemmbi.ch\/blog\/about\/\" \/>\n<meta property=\"og:site_name\" content=\"Klemmbi\" \/>\n<meta property=\"article:modified_time\" content=\"2026-04-12T14:00:26+00:00\" \/>\n<meta name=\"twitter:card\" content=\"summary_large_image\" \/>\n<meta name=\"twitter:label1\" content=\"Gesch\u00e4tzte Lesezeit\" \/>\n\t<meta name=\"twitter:data1\" content=\"1\u00a0Minute\" \/>\n<script type=\"application\/ld+json\" class=\"yoast-schema-graph\">{\"@context\":\"https:\\\/\\\/schema.org\",\"@graph\":[{\"@type\":\"WebPage\",\"@id\":\"https:\\\/\\\/klemmbi.ch\\\/blog\\\/about\\\/\",\"url\":\"https:\\\/\\\/klemmbi.ch\\\/blog\\\/about\\\/\",\"name\":\"\u00dcber Klemmbi - Klemmbi\",\"isPartOf\":{\"@id\":\"https:\\\/\\\/klemmbi.ch\\\/blog\\\/#website\"},\"datePublished\":\"2024-09-16T12:37:53+00:00\",\"dateModified\":\"2026-04-12T14:00:26+00:00\",\"breadcrumb\":{\"@id\":\"https:\\\/\\\/klemmbi.ch\\\/blog\\\/about\\\/#breadcrumb\"},\"inLanguage\":\"de-CH\",\"potentialAction\":[{\"@type\":\"ReadAction\",\"target\":[\"https:\\\/\\\/klemmbi.ch\\\/blog\\\/about\\\/\"]}]},{\"@type\":\"BreadcrumbList\",\"@id\":\"https:\\\/\\\/klemmbi.ch\\\/blog\\\/about\\\/#breadcrumb\",\"itemListElement\":[{\"@type\":\"ListItem\",\"position\":1,\"name\":\"Startseite\",\"item\":\"https:\\\/\\\/klemmbi.ch\\\/blog\\\/\"},{\"@type\":\"ListItem\",\"position\":2,\"name\":\"\u00dcber Klemmbi\"}]},{\"@type\":\"WebSite\",\"@id\":\"https:\\\/\\\/klemmbi.ch\\\/blog\\\/#website\",\"url\":\"https:\\\/\\\/klemmbi.ch\\\/blog\\\/\",\"name\":\"Klemmbi\",\"description\":\"\",\"publisher\":{\"@id\":\"https:\\\/\\\/klemmbi.ch\\\/blog\\\/#organization\"},\"potentialAction\":[{\"@type\":\"SearchAction\",\"target\":{\"@type\":\"EntryPoint\",\"urlTemplate\":\"https:\\\/\\\/klemmbi.ch\\\/blog\\\/?s={search_term_string}\"},\"query-input\":{\"@type\":\"PropertyValueSpecification\",\"valueRequired\":true,\"valueName\":\"search_term_string\"}}],\"inLanguage\":\"de-CH\"},{\"@type\":\"Organization\",\"@id\":\"https:\\\/\\\/klemmbi.ch\\\/blog\\\/#organization\",\"name\":\"Klemmbi\",\"url\":\"https:\\\/\\\/klemmbi.ch\\\/blog\\\/\",\"logo\":{\"@type\":\"ImageObject\",\"inLanguage\":\"de-CH\",\"@id\":\"https:\\\/\\\/klemmbi.ch\\\/blog\\\/#\\\/schema\\\/logo\\\/image\\\/\",\"url\":\"https:\\\/\\\/klemmbi.ch\\\/blog\\\/wp-content\\\/uploads\\\/2024\\\/09\\\/klemmbi-grau-scaled.jpg\",\"contentUrl\":\"https:\\\/\\\/klemmbi.ch\\\/blog\\\/wp-content\\\/uploads\\\/2024\\\/09\\\/klemmbi-grau-scaled.jpg\",\"width\":2560,\"height\":399,\"caption\":\"Klemmbi\"},\"image\":{\"@id\":\"https:\\\/\\\/klemmbi.ch\\\/blog\\\/#\\\/schema\\\/logo\\\/image\\\/\"}}]}<\/script>\n<!-- \/ Yoast SEO plugin. -->","yoast_head_json":{"title":"\u00dcber Klemmbi - Klemmbi","robots":{"index":"noindex","follow":"follow","max-snippet":"max-snippet:-1","max-image-preview":"max-image-preview:large","max-video-preview":"max-video-preview:-1"},"og_locale":"de_DE","og_type":"article","og_title":"\u00dcber Klemmbi - Klemmbi","og_description":"Klemmbi ist &#171;meine&#187; schweizerische Abk\u00fcrzung f\u00fcr Klemmbaustein. Die Logo-Idee und die Website sind 2020 entstanden, als ich einen Shop f\u00fcr Klemmbausteine starten wollte \u2013 was ich dann auch gemacht habe. Das Logo hat mir eine Grafikerin umgesetzt. \u201eKlemmbi\u201c wurde dabei auch gleich mein Firmenname. Leider lief das Gesch\u00e4ft nicht wirklich. Das lag unter anderem an [&hellip;]","og_url":"https:\/\/klemmbi.ch\/blog\/about\/","og_site_name":"Klemmbi","article_modified_time":"2026-04-12T14:00:26+00:00","twitter_card":"summary_large_image","twitter_misc":{"Gesch\u00e4tzte Lesezeit":"1\u00a0Minute"},"schema":{"@context":"https:\/\/schema.org","@graph":[{"@type":"WebPage","@id":"https:\/\/klemmbi.ch\/blog\/about\/","url":"https:\/\/klemmbi.ch\/blog\/about\/","name":"\u00dcber Klemmbi - Klemmbi","isPartOf":{"@id":"https:\/\/klemmbi.ch\/blog\/#website"},"datePublished":"2024-09-16T12:37:53+00:00","dateModified":"2026-04-12T14:00:26+00:00","breadcrumb":{"@id":"https:\/\/klemmbi.ch\/blog\/about\/#breadcrumb"},"inLanguage":"de-CH","potentialAction":[{"@type":"ReadAction","target":["https:\/\/klemmbi.ch\/blog\/about\/"]}]},{"@type":"BreadcrumbList","@id":"https:\/\/klemmbi.ch\/blog\/about\/#breadcrumb","itemListElement":[{"@type":"ListItem","position":1,"name":"Startseite","item":"https:\/\/klemmbi.ch\/blog\/"},{"@type":"ListItem","position":2,"name":"\u00dcber Klemmbi"}]},{"@type":"WebSite","@id":"https:\/\/klemmbi.ch\/blog\/#website","url":"https:\/\/klemmbi.ch\/blog\/","name":"Klemmbi","description":"","publisher":{"@id":"https:\/\/klemmbi.ch\/blog\/#organization"},"potentialAction":[{"@type":"SearchAction","target":{"@type":"EntryPoint","urlTemplate":"https:\/\/klemmbi.ch\/blog\/?s={search_term_string}"},"query-input":{"@type":"PropertyValueSpecification","valueRequired":true,"valueName":"search_term_string"}}],"inLanguage":"de-CH"},{"@type":"Organization","@id":"https:\/\/klemmbi.ch\/blog\/#organization","name":"Klemmbi","url":"https:\/\/klemmbi.ch\/blog\/","logo":{"@type":"ImageObject","inLanguage":"de-CH","@id":"https:\/\/klemmbi.ch\/blog\/#\/schema\/logo\/image\/","url":"https:\/\/klemmbi.ch\/blog\/wp-content\/uploads\/2024\/09\/klemmbi-grau-scaled.jpg","contentUrl":"https:\/\/klemmbi.ch\/blog\/wp-content\/uploads\/2024\/09\/klemmbi-grau-scaled.jpg","width":2560,"height":399,"caption":"Klemmbi"},"image":{"@id":"https:\/\/klemmbi.ch\/blog\/#\/schema\/logo\/image\/"}}]}},"_links":{"self":[{"href":"https:\/\/klemmbi.ch\/blog\/wp-json\/wp\/v2\/pages\/2","targetHints":{"allow":["GET"]}}],"collection":[{"href":"https:\/\/klemmbi.ch\/blog\/wp-json\/wp\/v2\/pages"}],"about":[{"href":"https:\/\/klemmbi.ch\/blog\/wp-json\/wp\/v2\/types\/page"}],"author":[{"embeddable":true,"href":"https:\/\/klemmbi.ch\/blog\/wp-json\/wp\/v2\/users\/1"}],"replies":[{"embeddable":true,"href":"https:\/\/klemmbi.ch\/blog\/wp-json\/wp\/v2\/comments?post=2"}],"version-history":[{"count":3,"href":"https:\/\/klemmbi.ch\/blog\/wp-json\/wp\/v2\/pages\/2\/revisions"}],"predecessor-version":[{"id":100,"href":"https:\/\/klemmbi.ch\/blog\/wp-json\/wp\/v2\/pages\/2\/revisions\/100"}],"wp:attachment":[{"href":"https:\/\/klemmbi.ch\/blog\/wp-json\/wp\/v2\/media?parent=2"}],"curies":[{"name":"wp","href":"https:\/\/api.w.org\/{rel}","templated":true}]}}